{"id":27,"date":"2018-04-17T13:03:34","date_gmt":"2018-04-17T11:03:34","guid":{"rendered":"http:\/\/praxisbs.ch\/bbwpcms\/informationen\/konditionen\/"},"modified":"2024-07-12T00:58:38","modified_gmt":"2024-07-11T22:58:38","slug":"konditionen","status":"publish","type":"page","link":"https:\/\/praxisbs.ch\/fr\/informationen\/konditionen\/","title":{"rendered":"Conditions"},"content":{"rendered":"<p><\/p>\n<p>Nous facturons notre travail en fonction du temps pass\u00e9. Nous vous expliquons volontiers nos tarifs sur demande.<\/p>\n<p>Les rendez-vous peuvent \u00eatre annul\u00e9s sans frais au moins 24 heures avant le rendez-vous. Nous facturons la moiti\u00e9 du tarif pour des annulations faites moins de 24 heure avant le rendez-vous et nous facturons plein tarif si la personne n\u2019annule pas et ne se pr\u00e9sente pas au rendez-vous.<\/p>\n<p>Les s\u00e9ances de psychoth\u00e9rapie offertes par des psychologues ne sont pas couvertes par l\u2019assurance maladie de base. Les clients doivent s\u2019affranchir eux m\u00eame des couts.<\/p>\n<p>Selon le type d\u2019assurance (assurance compl\u00e9mentaire, HMO, mod\u00e8le de m\u00e9decin de famille) et la raison pour laquelle vous consultez, votre assurance prend en charge une partie des couts. Elle vous donnera des renseignements d\u00e9taill\u00e9s sur demande. Nous sommes reconnus par toutes les assurances suisses et allemandes.<\/p>\n<p>Pour les psychoth\u00e9rapeutes psychologues qui sont affili\u00e9s au mod\u00e8le de prescription depuis le 1er juillet 2022, la th\u00e9rapie est couverte par l&#8217;assurance de base.<\/p>\n<p>Pour des cons\u00e9quences psychiques suite \u00e0 un accident, l\u2019assurance d\u2019accident peut prendre en charge les couts d\u2019une psychoth\u00e9rapie sur demande aupr\u00e8s de l\u2019assurance.<\/p>\n<p>Pour les probl\u00e8mes psychiques suite \u00e0 des actes de violence physique ou psychique, vous pouvez demander une l\u2019aide financi\u00e8re pour une psychoth\u00e9rapie \u00e0 votre centre r\u00e9gional d\u2019aide aux victimes des deux Bales <a href=\"http:\/\/www.opferhilfe-beiderbasel.ch\" target=\"_blank\" rel=\"noopener\">www.opferhilfe-beiderbasel.ch<\/a> \u00e0 l\u2019aide d\u2019un formulaire.<\/p>\n<p><\/p>","protected":false},"excerpt":{"rendered":"<p>Nous facturons notre travail en fonction du temps pass\u00e9. Nous vous expliquons volontiers nos tarifs sur demande. Les rendez-vous peuvent \u00eatre annul\u00e9s sans frais au moins 24 heures avant le rendez-vous. Nous facturons la moiti\u00e9 du tarif pour des annulations faites moins de 24 heure avant le rendez-vous et nous facturons plein tarif si la [&hellip;]<\/p>\n","protected":false},"author":5,"featured_media":0,"parent":25,"menu_order":24,"comment_status":"closed","ping_status":"closed","template":"","meta":{"_acf_changed":false,"footnotes":""},"acf":[],"_links":{"self":[{"href":"https:\/\/praxisbs.ch\/fr\/wp-json\/wp\/v2\/pages\/27"}],"collection":[{"href":"https:\/\/praxisbs.ch\/fr\/wp-json\/wp\/v2\/pages"}],"about":[{"href":"https:\/\/praxisbs.ch\/fr\/wp-json\/wp\/v2\/types\/page"}],"author":[{"embeddable":true,"href":"https:\/\/praxisbs.ch\/fr\/wp-json\/wp\/v2\/users\/5"}],"replies":[{"embeddable":true,"href":"https:\/\/praxisbs.ch\/fr\/wp-json\/wp\/v2\/comments?post=27"}],"version-history":[{"count":12,"href":"https:\/\/praxisbs.ch\/fr\/wp-json\/wp\/v2\/pages\/27\/revisions"}],"predecessor-version":[{"id":1112,"href":"https:\/\/praxisbs.ch\/fr\/wp-json\/wp\/v2\/pages\/27\/revisions\/1112"}],"up":[{"embeddable":true,"href":"https:\/\/praxisbs.ch\/fr\/wp-json\/wp\/v2\/pages\/25"}],"wp:attachment":[{"href":"https:\/\/praxisbs.ch\/fr\/wp-json\/wp\/v2\/media?parent=27"}],"curies":[{"name":"wp","href":"https:\/\/api.w.org\/{rel}","templated":true}]}}

<p></p>
<p>Nous facturons notre travail en fonction du temps passé. Nous vous expliquons volontiers nos tarifs sur demande.</p>
<p>Les rendez-vous peuvent être annulés sans frais au moins 24 heures avant le rendez-vous. Nous facturons la moitié du tarif pour des annulations faites moins de 24 heure avant le rendez-vous et nous facturons plein tarif si la personne n’annule pas et ne se présente pas au rendez-vous.</p>
<p>Les séances de psychothérapie offertes par des psychologues ne sont pas couvertes par l’assurance maladie de base. Les clients doivent s’affranchir eux même des couts.</p>
<p>Selon le type d’assurance (assurance complémentaire, HMO, modèle de médecin de famille) et la raison pour laquelle vous consultez, votre assurance prend en charge une partie des couts. Elle vous donnera des renseignements détaillés sur demande. Nous sommes reconnus par toutes les assurances suisses et allemandes.</p>
<p>Pour les psychothérapeutes psychologues qui sont affiliés au modèle de prescription depuis le 1er juillet 2022, la thérapie est couverte par l&#8217;assurance de base.</p>
<p>Pour des conséquences psychiques suite à un accident, l’assurance d’accident peut prendre en charge les couts d’une psychothérapie sur demande auprès de l’assurance.</p>
<p>Pour les problèmes psychiques suite à des actes de violence physique ou psychique, vous pouvez demander une l’aide financière pour une psychothérapie à votre centre régional d’aide aux victimes des deux Bales <a href="http://www.opferhilfe-beiderbasel.ch" target="_blank" rel="noopener">www.opferhilfe-beiderbasel.ch</a> à l’aide d’un formulaire.</p>
<p></p>

<p>Nous facturons notre travail en fonction du temps passé. Nous vous expliquons volontiers nos tarifs sur demande. Les rendez-vous peuvent être annulés sans frais au moins 24 heures avant le rendez-vous. Nous facturons la moitié du tarif pour des annulations faites moins de 24 heure avant le rendez-vous et nous facturons plein tarif si la [&hellip;]</p>
