{"id":558,"date":"2019-07-11T21:59:12","date_gmt":"2019-07-11T19:59:12","guid":{"rendered":"http:\/\/praxisbs.ch\/de\/?page_id=558"},"modified":"2026-03-30T09:07:26","modified_gmt":"2026-03-30T07:07:26","slug":"dipl-psych-ariane-kroll","status":"publish","type":"page","link":"https:\/\/praxisbs.ch\/de\/team\/dipl-psych-ariane-kroll\/","title":{"rendered":"Dipl.- Psych. Ariane Kroll"},"content":{"rendered":"<p><\/p>\n<h3>Praxisschwerpunkte:<\/h3>\n<ul>\n<li>Psychotherapie mit Erwachsenen (auch auf Englisch und Franz\u00f6sisch) bei: Depressionen, Burnout, \u00c4ngsten, Panikattacken, Zw\u00e4ngen, Schlafst\u00f6rungen, Schmerzst\u00f6rungen, Pers\u00f6nlichkeitsst\u00f6rungen (Borderline-PS, Narzissmus), ADHS, psychischen Belastungen bei k\u00f6rperlichen Erkrankungen wie etwa Fibromyalgie.<\/li>\n<li>Coaching<\/li>\n<li>Paartherapie<\/li>\n<li>Supervision und Selbsterfahrung (PSP anerkannt)<\/li>\n<li>TEK Training emotionaler Kompetenzen nach Berking (Einzel- und Gruppentraining) \u00a0<a href=\"http:\/\/praxisbs.ch\/bbwpcms\/wp-content\/uploads\/2019\/11\/ariane-flyer-tek.pdf\">Flyer TEK<\/a><\/li>\n<li>Gruppenangebot: Ambulante Austrittsgruppe nach station\u00e4rem Aufenthalt\u00a0\u00a0 <a href=\"http:\/\/praxisbs.ch\/bbwpcms\/wp-content\/uploads\/2019\/11\/ariane-flyer-austritt.pdf\">Flyer ambulante Austrittsgruppe<\/a><\/li>\n<\/ul>\n<h3>Bisherige T\u00e4tigkeiten:<\/h3>\n<ul>\n<li>Selbstst\u00e4ndige T\u00e4tigkeit in der Praxis Haus zum Sausewind, seit 2024<\/li>\n<li>Weiterbildnerin PSP Basel, Postgraduale Studieng\u00e4nge in Psychotherapie Basel<\/li>\n<li>Gruppensupervisorin PSP Basel, Postgraduale Studieng\u00e4nge in Psychotherapie Basel<\/li>\n<li>Supervisorin Abteilung Home Treatment Psychiatrie Baselland; Psychologische Beratungsstelle L\u00f6rrach, Deutschland<\/li>\n<li>Dozentin beim PSP Basel,\u00a0Postgraduale Studieng\u00e4nge in Psychotherapie Basel seit 2019<b> <\/b><\/li>\n<li>Selbstst\u00e4ndige T\u00e4tigkeit in der Praxis beim Spalentor<b> <\/b>seit 2019<\/li>\n<li>Ambulatorium der Klinik Sch\u00fctzen Rheinfelden 2015-2019<\/li>\n<li>TEK-Trainerin (Training emotionaler Kompetenzen nach Berking) seit 2017<\/li>\n<li>Burnout-Station der Klinik Sch\u00fctzen Rheinfelden 2014-2015<\/li>\n<li>Abteilung Diagnostik und Verhaltenstherapeutische Ambulanz\u00a0der UPK Basel (Universit\u00e4re Psychiatrische Kliniken Basel) 2013-2014<\/li>\n<li>Freie Journalistin seit 2008<\/li>\n<li>Selbstst\u00e4ndig als Coach t\u00e4tig seit 2005<\/li>\n<li>ABSM Basel\u00a0Ausbildungs- und Beratungsstelle f\u00fcr Migrantinnen und\u00a0Migranten 2006-2007<\/li>\n<li>Sozialraumteam Neunkirchen, Deutschland (sozialraum-orientierte Jugend-und Familienhilfe von Arbeiterwohlfahrt und\u00a0Jugendamt) 2004-2005<\/li>\n<li>Ambulante Jugend- und Familienhilfe der Arbeiterwohlfahrt\u00a0(Familientherapie, Paartherapie und Clearing) 1998-2005<\/li>\n<\/ul>\n<h3>Aus- und Weiterbildungen:<\/h3>\n<ul>\n<li>CAS &#8222;Selbsterfahrung&#8220; bei PSP Basel Postgraduale Studieng\u00e4nge in Psychotherapie 2025 (einj\u00e4hrige Weiterbildung)<\/li>\n<li>CAS &#8222;Supervision&#8220; bei PSP Basel Postgraduale Weiterbildung in Psychotherapie 2024 (einj\u00e4hrige Weiterbildung)<\/li>\n<li>Psychopharmakologie bei PSP Basel Postgraduale Studieng\u00e4nge in Psychotherapie 2019-2020<\/li>\n<li>Ausbildung zur TEK-Trainerin nach Berking 2017<\/li>\n<li>Narrative Expositionstherapie NET bei Psychiatrie Basel 2016<\/li>\n<li>Schematherapie Weiterbildung Basel (STBS) 2015-2016<\/li>\n<li>Postgraduale Weiterbildung in kognitiver Verhaltenstherapie,\u00a0PSP Basel 2013-2017<\/li>\n<li>Diverse Workshops in ACT<\/li>\n<li>CAS Fachjournalismus am MAZ, Schweizer Journalistenschule\u00a0in Luzern 2012-2013<\/li>\n<li>Journalismus Weiterbildung an der Medienschule Nordwestschweiz 2008-2009<\/li>\n<li>Weiterbildung zum Coach 2005-2006<\/li>\n<li>Einj\u00e4hrige Weiterbildung in systemischer Psychotherapie 2000-2001<\/li>\n<li>Halbj\u00e4hrige Weiterbildung in tiefenpsychologisch fundierter\u00a0Psychotherapie am sipp Saarbr\u00fccken,\u00a0Saarl\u00e4ndisches Institut f\u00fcr Psychoanalyse und Psychotherapie 2001<\/li>\n<li>Psychologie Studium an der Universit\u00e4t Saarbr\u00fccken\/Deutschland 2000 Dipl.<\/li>\n<\/ul>\n<h3>Therapieangebote:<\/h3>\n<ul>\n<li>Kognitive Verhaltenstherapie<\/li>\n<li>Schematherapie<\/li>\n<li>Akzeptanz- und Commitment Therapie (ACT)<\/li>\n<li>Narrative Expositionstherapie (NET)<\/li>\n<li>Paartherapie\u00a0<\/li>\n<li>TEK, Training emotionaler Kompetenzen nach Berking (Gruppen- und Einzeltraining)<\/li>\n<\/ul>\n<h3>Mitgliedschaften:<\/h3>\n<ul>\n<li>F\u00f6deration der Schweizer Psychologinnen und Psychologen (FSP)<\/li>\n<li>Bund deutscher Psychologinnen und Psychologen (BDP)<\/li>\n<\/ul>\n<p><\/p>","protected":false},"excerpt":{"rendered":"<p>Praxisschwerpunkte: Psychotherapie mit Erwachsenen (auch auf Englisch und Franz\u00f6sisch) bei: Depressionen, Burnout, \u00c4ngsten, Panikattacken, Zw\u00e4ngen, Schlafst\u00f6rungen, Schmerzst\u00f6rungen, Pers\u00f6nlichkeitsst\u00f6rungen (Borderline-PS, Narzissmus), ADHS, psychischen Belastungen bei k\u00f6rperlichen Erkrankungen wie etwa Fibromyalgie. Coaching Paartherapie Supervision und Selbsterfahrung (PSP anerkannt) TEK Training emotionaler Kompetenzen nach Berking (Einzel- und Gruppentraining) \u00a0Flyer TEK Gruppenangebot: Ambulante Austrittsgruppe nach station\u00e4rem Aufenthalt\u00a0\u00a0 Flyer ambulante [&hellip;]<\/p>\n","protected":false},"author":2,"featured_media":0,"parent":18,"menu_order":17,"comment_status":"closed","ping_status":"closed","template":"","meta":{"_acf_changed":false,"footnotes":""},"acf":[],"_links":{"self":[{"href":"https:\/\/praxisbs.ch\/de\/wp-json\/wp\/v2\/pages\/558"}],"collection":[{"href":"https:\/\/praxisbs.ch\/de\/wp-json\/wp\/v2\/pages"}],"about":[{"href":"https:\/\/praxisbs.ch\/de\/wp-json\/wp\/v2\/types\/page"}],"author":[{"embeddable":true,"href":"https:\/\/praxisbs.ch\/de\/wp-json\/wp\/v2\/users\/2"}],"replies":[{"embeddable":true,"href":"https:\/\/praxisbs.ch\/de\/wp-json\/wp\/v2\/comments?post=558"}],"version-history":[{"count":38,"href":"https:\/\/praxisbs.ch\/de\/wp-json\/wp\/v2\/pages\/558\/revisions"}],"predecessor-version":[{"id":1229,"href":"https:\/\/praxisbs.ch\/de\/wp-json\/wp\/v2\/pages\/558\/revisions\/1229"}],"up":[{"embeddable":true,"href":"https:\/\/praxisbs.ch\/de\/wp-json\/wp\/v2\/pages\/18"}],"wp:attachment":[{"href":"https:\/\/praxisbs.ch\/de\/wp-json\/wp\/v2\/media?parent=558"}],"curies":[{"name":"wp","href":"https:\/\/api.w.org\/{rel}","templated":true}]}}

<p></p>
<h3>Praxisschwerpunkte:</h3>
<ul>
<li>Psychotherapie mit Erwachsenen (auch auf Englisch und Französisch) bei: Depressionen, Burnout, Ängsten, Panikattacken, Zwängen, Schlafstörungen, Schmerzstörungen, Persönlichkeitsstörungen (Borderline-PS, Narzissmus), ADHS, psychischen Belastungen bei körperlichen Erkrankungen wie etwa Fibromyalgie.</li>
<li>Coaching</li>
<li>Paartherapie</li>
<li>Supervision und Selbsterfahrung (PSP anerkannt)</li>
<li>TEK Training emotionaler Kompetenzen nach Berking (Einzel- und Gruppentraining)  <a href="http://praxisbs.ch/bbwpcms/wp-content/uploads/2019/11/ariane-flyer-tek.pdf">Flyer TEK</a></li>
<li>Gruppenangebot: Ambulante Austrittsgruppe nach stationärem Aufenthalt   <a href="http://praxisbs.ch/bbwpcms/wp-content/uploads/2019/11/ariane-flyer-austritt.pdf">Flyer ambulante Austrittsgruppe</a></li>
</ul>
<h3>Bisherige Tätigkeiten:</h3>
<ul>
<li>Selbstständige Tätigkeit in der Praxis Haus zum Sausewind, seit 2024</li>
<li>Weiterbildnerin PSP Basel, Postgraduale Studiengänge in Psychotherapie Basel</li>
<li>Gruppensupervisorin PSP Basel, Postgraduale Studiengänge in Psychotherapie Basel</li>
<li>Supervisorin Abteilung Home Treatment Psychiatrie Baselland; Psychologische Beratungsstelle Lörrach, Deutschland</li>
<li>Dozentin beim PSP Basel, Postgraduale Studiengänge in Psychotherapie Basel seit 2019<b> </b></li>
<li>Selbstständige Tätigkeit in der Praxis beim Spalentor<b> </b>seit 2019</li>
<li>Ambulatorium der Klinik Schützen Rheinfelden 2015-2019</li>
<li>TEK-Trainerin (Training emotionaler Kompetenzen nach Berking) seit 2017</li>
<li>Burnout-Station der Klinik Schützen Rheinfelden 2014-2015</li>
<li>Abteilung Diagnostik und Verhaltenstherapeutische Ambulanz der UPK Basel (Universitäre Psychiatrische Kliniken Basel) 2013-2014</li>
<li>Freie Journalistin seit 2008</li>
<li>Selbstständig als Coach tätig seit 2005</li>
<li>ABSM Basel Ausbildungs- und Beratungsstelle für Migrantinnen und Migranten 2006-2007</li>
<li>Sozialraumteam Neunkirchen, Deutschland (sozialraum-orientierte Jugend-und Familienhilfe von Arbeiterwohlfahrt und Jugendamt) 2004-2005</li>
<li>Ambulante Jugend- und Familienhilfe der Arbeiterwohlfahrt (Familientherapie, Paartherapie und Clearing) 1998-2005</li>
</ul>
<h3>Aus- und Weiterbildungen:</h3>
<ul>
<li>CAS &#8222;Selbsterfahrung&#8220; bei PSP Basel Postgraduale Studiengänge in Psychotherapie 2025 (einjährige Weiterbildung)</li>
<li>CAS &#8222;Supervision&#8220; bei PSP Basel Postgraduale Weiterbildung in Psychotherapie 2024 (einjährige Weiterbildung)</li>
<li>Psychopharmakologie bei PSP Basel Postgraduale Studiengänge in Psychotherapie 2019-2020</li>
<li>Ausbildung zur TEK-Trainerin nach Berking 2017</li>
<li>Narrative Expositionstherapie NET bei Psychiatrie Basel 2016</li>
<li>Schematherapie Weiterbildung Basel (STBS) 2015-2016</li>
<li>Postgraduale Weiterbildung in kognitiver Verhaltenstherapie, PSP Basel 2013-2017</li>
<li>Diverse Workshops in ACT</li>
<li>CAS Fachjournalismus am MAZ, Schweizer Journalistenschule in Luzern 2012-2013</li>
<li>Journalismus Weiterbildung an der Medienschule Nordwestschweiz 2008-2009</li>
<li>Weiterbildung zum Coach 2005-2006</li>
<li>Einjährige Weiterbildung in systemischer Psychotherapie 2000-2001</li>
<li>Halbjährige Weiterbildung in tiefenpsychologisch fundierter Psychotherapie am sipp Saarbrücken, Saarländisches Institut für Psychoanalyse und Psychotherapie 2001</li>
<li>Psychologie Studium an der Universität Saarbrücken/Deutschland 2000 Dipl.</li>
</ul>
<h3>Therapieangebote:</h3>
<ul>
<li>Kognitive Verhaltenstherapie</li>
<li>Schematherapie</li>
<li>Akzeptanz- und Commitment Therapie (ACT)</li>
<li>Narrative Expositionstherapie (NET)</li>
<li>Paartherapie </li>
<li>TEK, Training emotionaler Kompetenzen nach Berking (Gruppen- und Einzeltraining)</li>
</ul>
<h3>Mitgliedschaften:</h3>
<ul>
<li>Föderation der Schweizer Psychologinnen und Psychologen (FSP)</li>
<li>Bund deutscher Psychologinnen und Psychologen (BDP)</li>
</ul>
<p></p>

<p>Praxisschwerpunkte: Psychotherapie mit Erwachsenen (auch auf Englisch und Französisch) bei: Depressionen, Burnout, Ängsten, Panikattacken, Zwängen, Schlafstörungen, Schmerzstörungen, Persönlichkeitsstörungen (Borderline-PS, Narzissmus), ADHS, psychischen Belastungen bei körperlichen Erkrankungen wie etwa Fibromyalgie. Coaching Paartherapie Supervision und Selbsterfahrung (PSP anerkannt) TEK Training emotionaler Kompetenzen nach Berking (Einzel- und Gruppentraining)  Flyer TEK Gruppenangebot: Ambulante Austrittsgruppe nach stationärem Aufenthalt   Flyer ambulante [&hellip;]</p>
