{"id":10,"date":"2018-04-17T13:03:34","date_gmt":"2018-04-17T11:03:34","guid":{"rendered":"http:\/\/praxisbs.ch\/bbwpcms\/angebote\/kinder-und-jugendliche\/"},"modified":"2018-11-15T09:34:55","modified_gmt":"2018-11-15T08:34:55","slug":"kinder-und-jugendliche","status":"publish","type":"page","link":"https:\/\/praxisbs.ch\/de\/angebote\/kinder-und-jugendliche\/","title":{"rendered":"Kinder und Jugendliche"},"content":{"rendered":"<p><\/p>\n<p>Das Kindes- und Jugendalter ist von vielen Ver\u00e4nderungen gepr\u00e4gt. Einschneidende Lebensereignisse wie der Schuleintritt, starke Angst oder grosse Traurigkeit k\u00f6nnen Kinder und Jugendliche verunsichern und aus dem Gleichgewicht bringen.<\/p>\n<p>Viele schwierige Situationen k\u00f6nnen Kinder und Jugendliche mit Unterst\u00fctzung ihrer Familie aus eigener Kraft gut bew\u00e4ltigen. Wenn Schwierigkeiten jedoch \u00fcber l\u00e4ngere Zeit andauern, die gesunde Entwicklung beeintr\u00e4chtigen, einen starken Leidensdruck mit sich bringen oder zur Krankheit werden, ist es sinnvoll, professionelle Hilfe in Anspruch zu nehmen.<\/p>\n<p>Im Rahmen einer Psychotherapie helfen wir Ihrem Kind oder Jugendlichen, Symptome zu erkennen, zu reduzieren und die vorliegende Krankheit zu bew\u00e4ltigen.<\/p>\n<p>Am Beginn der Psychotherapie steht eine Abkl\u00e4rungsphase. Auf der Grundlage einer vertrauensvollen therapeutischen Beziehung wird in Anschluss daran das Kind, der\/die Jugendliche und die gesamte Familie in ihrem Ver\u00e4nderungsprozess unterst\u00fctzt.<\/p>\n<p><\/p>","protected":false},"excerpt":{"rendered":"<p>Das Kindes- und Jugendalter ist von vielen Ver\u00e4nderungen gepr\u00e4gt. Einschneidende Lebensereignisse wie der Schuleintritt, starke Angst oder grosse Traurigkeit k\u00f6nnen Kinder und Jugendliche verunsichern und aus dem Gleichgewicht bringen. Viele schwierige Situationen k\u00f6nnen Kinder und Jugendliche mit Unterst\u00fctzung ihrer Familie aus eigener Kraft gut bew\u00e4ltigen. Wenn Schwierigkeiten jedoch \u00fcber l\u00e4ngere Zeit andauern, die gesunde Entwicklung [&hellip;]<\/p>\n","protected":false},"author":4,"featured_media":0,"parent":8,"menu_order":6,"comment_status":"closed","ping_status":"closed","template":"","meta":{"_acf_changed":false,"footnotes":""},"acf":[],"_links":{"self":[{"href":"https:\/\/praxisbs.ch\/de\/wp-json\/wp\/v2\/pages\/10"}],"collection":[{"href":"https:\/\/praxisbs.ch\/de\/wp-json\/wp\/v2\/pages"}],"about":[{"href":"https:\/\/praxisbs.ch\/de\/wp-json\/wp\/v2\/types\/page"}],"author":[{"embeddable":true,"href":"https:\/\/praxisbs.ch\/de\/wp-json\/wp\/v2\/users\/4"}],"replies":[{"embeddable":true,"href":"https:\/\/praxisbs.ch\/de\/wp-json\/wp\/v2\/comments?post=10"}],"version-history":[{"count":9,"href":"https:\/\/praxisbs.ch\/de\/wp-json\/wp\/v2\/pages\/10\/revisions"}],"predecessor-version":[{"id":497,"href":"https:\/\/praxisbs.ch\/de\/wp-json\/wp\/v2\/pages\/10\/revisions\/497"}],"up":[{"embeddable":true,"href":"https:\/\/praxisbs.ch\/de\/wp-json\/wp\/v2\/pages\/8"}],"wp:attachment":[{"href":"https:\/\/praxisbs.ch\/de\/wp-json\/wp\/v2\/media?parent=10"}],"curies":[{"name":"wp","href":"https:\/\/api.w.org\/{rel}","templated":true}]}}

<p></p>
<p>Das Kindes- und Jugendalter ist von vielen Veränderungen geprägt. Einschneidende Lebensereignisse wie der Schuleintritt, starke Angst oder grosse Traurigkeit können Kinder und Jugendliche verunsichern und aus dem Gleichgewicht bringen.</p>
<p>Viele schwierige Situationen können Kinder und Jugendliche mit Unterstützung ihrer Familie aus eigener Kraft gut bewältigen. Wenn Schwierigkeiten jedoch über längere Zeit andauern, die gesunde Entwicklung beeinträchtigen, einen starken Leidensdruck mit sich bringen oder zur Krankheit werden, ist es sinnvoll, professionelle Hilfe in Anspruch zu nehmen.</p>
<p>Im Rahmen einer Psychotherapie helfen wir Ihrem Kind oder Jugendlichen, Symptome zu erkennen, zu reduzieren und die vorliegende Krankheit zu bewältigen.</p>
<p>Am Beginn der Psychotherapie steht eine Abklärungsphase. Auf der Grundlage einer vertrauensvollen therapeutischen Beziehung wird in Anschluss daran das Kind, der/die Jugendliche und die gesamte Familie in ihrem Veränderungsprozess unterstützt.</p>
<p></p>

<p>Das Kindes- und Jugendalter ist von vielen Veränderungen geprägt. Einschneidende Lebensereignisse wie der Schuleintritt, starke Angst oder grosse Traurigkeit können Kinder und Jugendliche verunsichern und aus dem Gleichgewicht bringen. Viele schwierige Situationen können Kinder und Jugendliche mit Unterstützung ihrer Familie aus eigener Kraft gut bewältigen. Wenn Schwierigkeiten jedoch über längere Zeit andauern, die gesunde Entwicklung [&hellip;]</p>
